vided by (40/(-16))/((-65)/156).
2
Let w(j) = 53*j**2 + 5*j + 7. Let t be w(-7). Suppose -2562 = -5*i + 3*s, -5*i = -5*s + 9*s - t. Calculate the remainder when i is divided by 12.
9
Suppose -56*l + 14367 + 12156 = 7*l. What is the remainder when l is divided by 140?
1
Calculate the remainder when 3364 is divided by (-10296)/(-39) - (2/2)/(6/30).
256
Let g = 12 - 24. Let w(b) = -b - 3. Let m = -3 + 28. What is the remainder when m is divided by w(g)?
7
Let a be (11/22)/((-2)/52). Let n = 23 + a. Let r(s) = -s**3 + 8*s**2 - 20*s + 86. Calculate the remainder when r(6) is divided by n.
8
Calculate the remainder when 24/(-104) + 241040/312 + (-1)/3 is divided by 291.
190
Calculate the remainder when (-1)/(-3) + (-74)/(-3) is divided by 26/7280*2492 + (-2)/(-20).
7
Calculate the remainder when ((-15)/(-2) + -9)*-60 is divided by (-20)/5 + 42 + -5.
24
What is the remainder when 79 is divided by 163/(-652)*-14*16?
23
Suppose 8*u - 11*u + 5*m = -224, 3*u - 3*m - 222 = 0. What is the remainder when 266 is divided by u?
47
Suppose 99 = -15*h + 1044. Calculate the remainder when 227 is divided by h.
38
Let i(q) = 3*q**2 - 50*q - 328. Calculate the remainder when 3934 is divided by i(22).
22
Suppose -1000 = -3*l - 550. What is the remainder when l is divided by (0 + -15)/(51/(-238))?
10
Suppose 0 = -4*i + 5*k + 218, -i + 4*k + 93 = 22*k. What is the remainder when 340 is divided by i?
55
Suppose 3*d = -3*b + 6, -d - 10 = -6*d - b. Suppose -d - 28 = -p. Let j = p + -19. Calculate the remainder when j is divided by 8.
3
Let b(f) = 2*f + 39. Let k be b(-20). Suppose 11*t - 14*t = -153. Calculate the remainder when t is divided by 6/8 + k + (-106)/(-8).
12
Let n = 187 + -122. Let u be 1608 - (12 + -17 + (0 - -10)). Suppose 1600*j - u*j + 51 = 0. Calculate the remainder when n is divided by j.
14
What is the remainder when 1200 is divided by 115*2*(24/45 - (-2)/(-15))?
4
Calculate the remainder when 87 is divided by 1077/27 - (-8 + (-213)/(-81)*3).
7
Suppose 4*b - 5*j = -7*j + 446, -5*b + 565 = 5*j. Calculate the remainder when 463 is divided by b.
23
Let n be 2/(-9)*5/(10/(-18)). Suppose 22 = -r + n*r. Calculate the remainder when r is divided by 68/6 + (-2)/(-3).
10
Suppose -9*q + 70 = -1127. Suppose 0 = -126*i + q*i - 63. Calculate the remainder when 43 is divided by i.
7
Let n = 62 + 106. What is the remainder when n is divided by 54?
6
Suppose -27 + 4 = -z. What is the remainder when z is divided by -2 + (-4)/8*-16?
5
Let b(y) = 8*y + 34. Calculate the remainder when 5375 is divided by b(13).
131
What is the remainder when (((-162108)/144)/((-3)/8))/1 is divided by 77?
76
Suppose -5*c + 39 = -3*i, 3*c + 0*i - 21 = 3*i. Suppose -3*t - c = -6*t. Suppose t*h - 8 = 2*h. What is the remainder when h is divided by 6?
2
Let q be 2/(-18)*-34 + 84/378. Suppose 0*p + 52 = 4*p + 4*j, q*p - 3*j = 80. What is the remainder when 46 is divided by p?
12
Suppose -171*p = -183*p + 600. Calculate the remainder when 55 is divided by p.
5
Let t(g) = g + 40. Let m be t(-34). Suppose -5*i - 55 = -3*j, 4*j + 15 = m*j + i. What is the remainder when 14 is divided by j?
4
Let x(j) = -14*j - 52. Let v be x(-24). Let k = -275 + v. What is the remainder when 139 is divided by k?
4
Let k = -737 - -1020. What is the remainder when k is divided by 117?
49
Let i = -11 + 107. Suppose 4*d - i = -88. Suppose d*w = -h + 23, -2*w - 5*h = 3*w - 65. Calculate the remainder when 35 is divided by w.
5
Let g(j) = j**2 - 25*j + 160. What is the remainder when 792 is divided by g(12)?
0
Let v(y) = -y**3 + 9*y**2 + 30*y + 13. Calculate the remainder when v(9) is divided by 5.
3
Let b(r) = -r**3 - 4*r**2 - 6*r - 17. Let j be b(-7). Suppose -i + j - 104 = 0. What is the remainder when i is divided by 18?
14
Let k = 84 - 61. Suppose -5*a = 5*n - 45, -3*a + 2*a + 5 = 0. Suppose -n*s - 56 = -8*s. What is the remainder when k is divided by s?
9
Let b = -11 - -26. Suppose 0 = -d + 20 + b. Calculate the remainder when d is divided by 3.
2
Let f be 2480/50 + 4/10. Suppose 5*g - 40 - f = 0. Let r = -82 + 131. What is the remainder when r is divided by g?
13
Suppose -a + 5*a = 4*y + 60, -4*y = -3*a + 45. Suppose -5*h + q + 0*q + 103 = 0, 0 = 5*q + a. Calculate the remainder when 137 is divided by h.
17
Calculate the remainder when 26/143 + (-27054)/(-33) is divided by 8.
4
What is the remainder when (-3)/((-39)/13364) + 6 is divided by 175?
159
Suppose -34 = 2*y - 144. Let u be -36*((-1)/3)/(-2 + 3). Suppose 89 = 5*m - i, 2*i = m - u - 13. What is the remainder when y is divided by m?
4
Let g(u) = u**3 + 7*u**2 - 10*u - 5. Let o be (19 - 14)*(0 - (-16)/(-10)). Calculate the remainder when 34 - (-1 - -3 - 0) is divided by g(o).
10
Suppose 4*t = t. Suppose -5*i + z + 190 = t, 4*i - 3*z = -0*i + 163. Suppose 5*l = 2*r - i, 3*r - 44 - 15 = 4*l. What is the remainder when r is divided by 8?
5
Suppose -5*n + 109 = -204 - 277. What is the remainder when 278 is divided by n?
42
Let c = 41 + -27. Suppose -16*f = -c*f - 196. Calculate the remainder when f is divided by 10.
8
Suppose 15 - 3 = 12*g. Let k(q) = q**3 + q. Let f(s) = -2*s**3 + s**2 - 4*s - 1. Let l(a) = -f(a) - 3*k(a). Calculate the remainder when l(-2) is divided by g.
0
Let o(c) = 10*c**2 - c. Let g(s) = s**3 + s - 1. Let h be g(2). Let j be (h/3 - 5)/(-1*2). What is the remainder when o(j) is divided by 6?
3
Suppose 5*y + 5*k = 350 + 1050, -3*k + 561 = 2*y. Calculate the remainder when 730 is divided by y.
172
Suppose -2*f + 690 = -4*u, u = -97*f + 96*f + 321. Calculate the remainder when 474 is divided by f.
145
Calculate the remainder when (-9 - (-17 - -7)*(-12)/(-15))*-13075 is divided by 436.
431
Suppose 224 = -8*y + 472. Suppose -2*g + 5*x + 21 = 0, -17 = 2*g - 3*g - 4*x. Calculate the remainder when y is divided by g.
5
Let n = -99 + 151. Let m = n + -39. Suppose m*g - 10*g = 78. What is the remainder when g is divided by 7?
5
Let c(q) = -q**2 - q + 101. Calculate the remainder when c(0) is divided by ((-4)/4)/(2/(-24)) - (-64)/64.
10
Let q = -69 + 93. Let d(h) = -h**2 + 13*h - 11. What is the remainder when d(11) is divided by -4 - (-11)/(22/q)?
3
Let s = 1025 - 993. What is the remainder when 316 is divided by s?
28
Let l(h) = 35*h**2 - 425*h + 1692. What is the remainder when 578 is divided by l(4)?
26
Let l(t) = 22*t + 60. Suppose -20*z = 27 + 13. Let r = -11 - -58. Calculate the remainder when r is divided by l(z).
15
Suppose -15*m + 1885 = -2*m. Suppose -7*k + 12*k = 5, -4*f = 5*k - m. Calculate the remainder when f is divided by 21.
14
Let c be (2 + -1)/((-5 + 0)/(-235)). Suppose -5*z - 23 = -t, -c = -4*t + 5*z + 45. Calculate the remainder when t is divided by 14.
9
Suppose -602668 - 2523836 = -122*p - 460*p. Calculate the remainder when p is divided by 46.
36
Suppose 13*o - 56 = 11*o. Let u be (-1 - 3)*(-245)/o. Suppose 5*d - 300 = -u. Calculate the remainder when d is divided by 8.
5
Suppose -5*m + 2*t = -10, m + 1 = t + 3. Let c = -1 + 4. Suppose f + m*a = c*f - 68, -5 = a. What is the remainder when f is divided by 8?
5
Let z(l) = -3*l**3 - 6*l**2 + 3*l - 1. Let u(h) = h - 65 + 32 + 34. Let n be u(-4). What is the remainder when z(n) is divided by 12?
5
Let z = -6 - -59. Let j = z + -47. What is the remainder when (-14)/(-84) - 65/(-6) is divided by j?
5
Suppose 598*m - 616*m = -216. Suppose -4*o - 21 = -109. What is the remainder when o is divided by m?
10
Let b = -7 + 9. Suppose -2*z = z + 5*a - 30, -3*a = z - 14. Suppose 3*o - 301 = -2*j, -z*o + 493 = j - b*j. Calculate the remainder when o is divided by 34.
31
Let n be 2/(-15) - 14229/(-405). Suppose 27*f = n*f - 688. What is the remainder when 169 is divided by f?
83
Let v = 8663 - 7189. Calculate the remainder when v is divided by 115.
94
Let z = 128 + -85. Suppose 13*m = z + 22. Suppose m*q = -20, -7*y - 5*q + 60 = -3*y. Calculate the remainder when 79 is divided by y.
19
Let r = 116 + -73. Let t(q) = -12*q - 36*q**2 + 78*q**2 - r*q**2 - 9. What is the remainder when 125 is divided by t(-9)?
17
Suppose 5*y - 89 = -v, -33*y = v - 37*y - 17. Calculate the remainder when 251 is divided by v.
6
Suppose -19*p + 32262 = 56*p + 39*p. Calculate the remainder when 863 is divided by p.
14
Calculate the remainder when (6/(-4) - -1 - 420/(-24)) + -4 is divided by 9.
4
Suppose 2*k - 1 = -